inder when b is divided by 3?
1
Suppose -3*p + 10 + 38 = 0. Let c be (3524/36)/(11/99). Let u = 884 - c. What is the remainder when p is divided by u?
1
Let o(w) = 19*w + 202. Suppose -9 + 7 = d - 5*k, -17 = 2*d + 3*k. What is the remainder when 342 is divided by o(d)?
66
Suppose 86 = 4*n - 26. Calculate the remainder when -1 + (-1774)/(-8) + 20*68/5440 is divided by n.
25
Suppose -b + 37 = h, 76 = 2*b + h + 3*h. Suppose 7*s = s - b. Calculate the remainder when 102/17 - (2 - s/(-2)) is divided by 2.
1
Let y(o) = 111*o**3 + 1. Calculate the remainder when y(1) is divided by ((-14)/6)/(462/(-6138)).
19
Suppose 5*w - 865 = -5*t, 4*w - 519 = w - t. Let r = w - 151. Calculate the remainder when 107 is divided by r.
19
Let p be (-35)/14*(-7 - -5). Suppose 514 = -5*q + 8*q - 5*l, 0 = -p*q + 5*l + 850. Calculate the remainder when q is divided by 9.
6
Let i = -879 - -1785. Calculate the remainder when i is divided by 48.
42
Let c(s) = s**2 + 531*s - 5910. Calculate the remainder when 228 is divided by c(11).
20
Suppose 3*g - 173 = -5*h, -90*g + 3*h - 299 = -95*g. Calculate the remainder when 912 is divided by g.
58
Let k = 359 + -231. What is the remainder when k is divided by 19?
14
Calculate the remainder when 576 is divided by (-1)/(4/(-217)) - (-5 + 462/88).
36
Suppose 14*a = 12*a - 16. Let w = 14 + a. Let u = 11 - w. What is the remainder when 5 is divided by u?
0
Let s = 38 - 35. Suppose -279 = -2*a - s*l, l = 7*a - 9*a + 273. Calculate the remainder when a is divided by 46.
43
Let h(p) = 50*p + 1001. What is the remainder when h(23) is divided by 716?
3
Let i(m) = 3*m**2 + 66*m - 211. What is the remainder when (-1266)/(-24) + (-1)/(-4) is divided by i(-25)?
11
Calculate the remainder when 2065 + -18*(-28)/(-42) is divided by 4.
1
Let h = -312 + 332. Suppose 5*o - 25 = -n, h*n - 5*o = 24*n - 55. What is the remainder when 297 is divided by n?
7
Calculate the remainder when 12176 is divided by ((-124)/(-31))/((-4)/(-8)*(-6)/(-87)).
112
Let u(v) = 10*v**3 - 51*v**2 + 24*v - 13. What is the remainder when 163 is divided by u(5)?
81
Let r(x) = 180*x**2 - 1. Let f be r(1). Suppose 11*p = f + 129. What is the remainder when 0/p + (53 + -1 - 0) is divided by 27?
25
Let q = -3320 - -4305. Calculate the remainder when 1982 is divided by q.
12
Let q(p) = 5*p + 15. Let k be q(-2). Suppose 275 = k*v + d, 5*v = 2*v + d + 173. Suppose -7*m + v = -126. Calculate the remainder when m is divided by 9.
8
Suppose -215 = -w - 4*w. Suppose -6*f = -8*f + 200 + 52. Calculate the remainder when f is divided by w.
40
Let r = -93 + 107. Let g(t) = t. Let s(b) = -15*b - 1. Let d(q) = 5*g(q) + s(q). What is the remainder when r is divided by d(-1)?
5
What is the remainder when ((20 - 18) + (2 - 5))*1*-257 is divided by 235?
22
Let k(d) = -2*d + 65. Let m be k(17). Suppose -150*h = -149*h - m. Suppose -3*j = 2*g - 108, 0 = j - 2*j - 4. Calculate the remainder when g is divided by h.
29
Let k(y) = -3*y + 102. Calculate the remainder when k(-3) is divided by 5.
1
Let l(t) = 4*t**2 + 4*t. Let p be l(-1). Suppose p = x - 4, 3*o = 4*o + x - 30. Calculate the remainder when 102 is divided by o.
24
Let l(i) = 335*i**3 + i**2 - 30*i + 28. Calculate the remainder when l(1) is divided by 74.
38
Let t(v) = -85*v - 3860. What is the remainder when t(-59) is divided by 166?
159
Let t = 15 - -12. Suppose -t - 48 = -5*l. What is the remainder when 56 is divided by l?
11
Let h(q) = -q**3 - 9*q**2 + 16*q - 27. Let r = -425 + 695. Calculate the remainder when r is divided by h(-11).
36
Let d = -13969 - -13985. Calculate the remainder when 8686 is divided by d.
14
Suppose 20 + 28 = 3*d. Let s be (-1)/(-2)*-181 - 24/d. Let l = s - -115. What is the remainder when 67 is divided by l?
21
Suppose 0 = -a + 6*a - 90. Let b = -861 - -565. Calculate the remainder when a is divided by (-12)/(-28) + (b/14)/(-2).
7
Let s(l) = -4764*l + 3924. Calculate the remainder when s(-2) is divided by 39.
36
Let w be 1185/12*2*20/25. Let y = -92 - -194. What is the remainder when y is divided by 52/(-65) + w/10?
12
Suppose -22*g - 2450 = -47*g. What is the remainder when 489 is divided by g?
97
Let r(d) = 25*d - 467. Let i(w) = w**3 + 34*w**2 + 63*w + 74. Calculate the remainder when i(-32) is divided by r(21).
48
Let i(a) = -a**2 + 44*a + 23. What is the remainder when 302 is divided by i(44)?
3
Suppose -2*w = -34*p + 41*p - 33983, 0 = -4*w - 32. Calculate the remainder when p is divided by 13.
8
Suppose 29*m = m + 1260. Suppose w = -2*w + m. What is the remainder when 55 is divided by w?
10
Let a be 30*((-6)/(-9) + 10/12). Suppose 4*r + a = 13*r. Suppose 2*g = 2*m + 294, -2*g - r*m + 284 = -2*m. Calculate the remainder when g is divided by 21.
19
Suppose 226 = -12*l + 490. Calculate the remainder when 261 is divided by l.
19
Let x(u) = -2*u**3 - 10*u**2 - 6*u + 3. Suppose 3 = -2*g - 9. Suppose -729*z + 12868 + 533 = -8492 + 23. Calculate the remainder when x(g) is divided by z.
21
Let u(d) = 10*d**2 - 59*d + 391. What is the remainder when u(16) is divided by 21?
12
Let j(d) = 17*d + 21. Suppose 5*q = 4*o + 13, o = -6*q + 4*q + 13. What is the remainder when j(o) is divided by 15?
12
Calculate the remainder when 594 is divided by (-4)/14 - (25/(-300) - 46906/168).
36
Let a = 5718 - 5705. What is the remainder when 4027 is divided by a?
10
Suppose 11*y = 194 - 40. Let g be ((-2)/(-4)*0)/(8 + -10). Let s(p) = p**3 + 2*p**2 + p + 6. Calculate the remainder when y is divided by s(g).
2
Suppose -2407 = -40*o + 2233. What is the remainder when 241 is divided by o?
9
Suppose 75 = 37*u - 73. Suppose 4*z - g = 12, -1 + 7 = -5*z - u*g. Calculate the remainder when 11 is divided by z.
1
Let i(g) = 63*g**2 - 34*g - 166. What is the remainder when i(-9) is divided by 38?
37
Let u(o) = 7*o**3 + 2*o + 1. Let z be u(-1). Let n be -3*(7 - 9)*z/(-6). What is the remainder when n/(-36) + 92/9 is divided by 6?
4
Suppose -2*r = 3*w - 4*r + 6, -5*w - 35 = 5*r. Let x(p) = p**3 + 8*p**2 + 8*p + 4. Let o be x(w). Calculate the remainder when 1 - -1*o/4 is divided by 4.
2
Suppose -8*d = -18*d. Suppose -4*l - 2*s - 216 + 654 = d, -4*l + 2*s = -434. Calculate the remainder when l is divided by 10.
9
Suppose -101*q = -166*q + 87*q - 572. What is the remainder when 1429 is divided by q?
25
Let i be -1 - 2 - (-294)/6. Let d = i - 11. Suppose 0 = 22*w - 223 + 3. Calculate the remainder when d is divided by w.
5
Suppose 0 = 5*b - 12 - 378. Suppose 4*j - 10 = 2*i, 4*j + i = j. Suppose -15 - j = -v. Calculate the remainder when b is divided by v.
14
Let b = -6142 + 6225. What is the remainder when b is divided by 15?
8
Let f(s) = -9*s**2 - 317*s + 79. What is the remainder when f(-32) is divided by 92?
87
Let t(p) = 10*p + 2. Let m = -27731 - -27735. Calculate the remainder when t(2) is divided by m.
2
Let o = 114 + -71. Suppose 283*s = 284*s + 1364. Calculate the remainder when o is divided by (3/(-5))/(-5 - s/275).
13
Let n(z) = -12*z + 561. Let i be n(43). Suppose 0*y = y - 29. Let o = i - y. Calculate the remainder when 24 is divided by o.
8
Suppose 3*g = -2*g + 15. Suppose -f = g*f - 96. Let k = 2311 + -2297. Calculate the remainder when f is divided by k.
10
Let a(v) be the second derivative of 3/2*v**2 - 13/6*v**3 + 1/12*v**4 + 0 + 23*v. Calculate the remainder when a(18) is divided by 24.
21
Let m(p) = p**3 - 6*p**2 + 12*p - 109. Calculate the remainder when 666 is divided by m(8).
91
What is the remainder when 633 is divided by 21/70 - 8484/(-120)?
65
Suppose -12*f - 48 = -13*f - 5*r, -3*r = 4*f - 107. Calculate the remainder when 76 is divided by f.
7
Suppose 22*g - 815 = -73*g + 1940. Suppose -910 - 2051 = -21*h. What is the remainder when h is divided by g?
25
Suppose 65*p = -26*p - 102*p + 258427. Calculate the remainder when p is divided by 104.
91
Suppose 12*r + 5222 = 8354. Calculate the remainder when r is divided by (2/(-3))/(8/(-636)).
49
Let b(p) = 6*p + 4*p - 19*p + 56 + 23*p. Calculate the remainder when b(3) is divided by 21.
14
Let k = 96 - 39. Suppose 102*w - 107*w + 195 = 0. Suppose 2*c + 17 = v, w = 2*v + 3*c + 12. What is the remainder when k is divided by v?
12
Let q(m) = -m**3 + 56*m**2 - 111*m + 275. Calculate the remainder when 361 is divided by q(54).
22
Suppose 3*f + m + 167 = 0, f - 103 = 3*f - m. Calculat